n base 5, what is -23 + 1?
-22
In base 15, what is -4b - c?
-58
In base 13, what is 16 - 8?
b
In base 9, what is 25 + -13?
12
In base 12, what is 0 - 3b76?
-3b76
In base 6, what is 12 - -4303?
4315
In base 6, what is 40 - -2?
42
In base 3, what is 101021 - -2?
101100
In base 16, what is -c9 + -2?
-cb
In base 12, what is 10b - 33?
98
In base 2, what is 101001 + 10101?
111110
In base 13, what is 1 - -bc4?
bc5
In base 4, what is 101 + -322?
-221
In base 7, what is 2503 + -2?
2501
In base 2, what is 1100000 - 1110?
1010010
In base 2, what is 101 - -100010000000?
100010000101
In base 14, what is 2 - 15?
-13
In base 3, what is -21121 + 11?
-21110
In base 8, what is 27556 + 1?
27557
In base 6, what is 1 - 155?
-154
In base 12, what is -681 - -5?
-678
In base 16, what is -3 - -d5?
d2
In base 6, what is -1 - -544?
543
In base 3, what is -12 - 10022200?
-10022212
In base 7, what is 3 - -1235?
1241
In base 15, what is 3 + -113?
-110
In base 11, what is -19 + -9?
-27
In base 11, what is 3 + -84?
-81
In base 5, what is -121 + -2?
-123
In base 14, what is -281 - 1?
-282
In base 10, what is 4 + 18?
22
In base 7, what is 2 + -1045?
-1043
In base 11, what is -3 + 32?
2a
In base 10, what is -116 - 5?
-121
In base 13, what is -1c + 6?
-16
In base 14, what is a - -1c?
28
In base 4, what is -10 - 323?
-333
In base 3, what is -10010 + 200?
-2110
In base 3, what is -1102001 - -22?
-1101202
In base 14, what is -a + -5?
-11
In base 2, what is 10111 - -11101?
110100
In base 9, what is -11 - 2317?
-2328
In base 10, what is 5 - -14?
19
In base 11, what is 5 - -43?
48
In base 9, what is -6334 - -4?
-6330
In base 14, what is -34 + -4?
-38
In base 10, what is -11 - 435?
-446
In base 11, what is -4 - -396?
392
In base 13, what is -a4 + 1?
-a3
In base 16, what is -2e0 + 3?
-2dd
In base 15, what is 18 - -6?
1e
In base 5, what is 102320 - 10?
102310
In base 10, what is 6 - 47?
-41
In base 6, what is 234 - -24?
302
In base 11, what is 14 - 641?
-628
In base 8, what is -30 - 16?
-46
In base 16, what is 74 + 2?
76
In base 11, what is 12 + -60?
-49
In base 3, what is 21 + 1?
22
In base 9, what is -22 + -4?
-26
In base 7, what is -1004 + -4?
-1011
In base 14, what is 0 - -87?
87
In base 4, what is 10 + 1001?
1011
In base 3, what is 10110 - -10?
10120
In base 16, what is 13d + 4?
141
In base 12, what is -25a3 - -3?
-25a0
In base 10, what is -2 - 55?
-57
In base 4, what is -1 - 130021?
-130022
In base 7, what is 1 + -20?
-16
In base 2, what is -1110000 + -1?
-1110001
In base 14, what is 4 - 488?
-484
In base 4, what is -112100 + -2?
-112102
In base 8, what is 23 - 1?
22
In base 4, what is 1 + 2000?
2001
In base 10, what is 1 + 28?
29
In base 11, what is -1165 - 3?
-1168
In base 9, what is 24521 + 4?
24525
In base 9, what is 2471 + 4?
2475
In base 11, what is -165a - -3?
-1657
In base 9, what is -26 - -38?
12
In base 6, what is -3515 - -1?
-3514
In base 13, what is -3 + -984?
-987
In base 5, what is -21 - -131?
110
In base 12, what is -30 - 2b?
-5b
In base 13, what is 72 + -58?
17
In base 7, what is 1 + 61?
62
In base 16, what is e6 + 1d?
103
In base 16, what is -63 + -4?
-67
In base 8, what is 2 - 535?
-533
In base 8, what is -15 + 234?
217
In base 8, what is 11 - -23?
34
In base 13, what is 1a + 22c?
249
In base 16, what is -2d - 1e3?
-210
In base 6, what is -10 + -522?
-532
In base 8, what is -201 + -4?
-205
In base 9, what is -103 + -23?
-126
In base 9, what is 46 - 12?
34
In base 9, what is 3 + 87?
101
In base 16, what is -d + -1ee?
-1fb
In base 16, what is 1 - -3ec?
3ed
In base 5, what is 3 + 2?
10
In base 13, what is 62 - -4?
66
In base 14, what is 0 - -56?
56
In base 2, what is -1001000 + 11?
-1000101
In base 7, what is -110 + -33?
-143
In base 12, what is 6 - 53b?
-535
In base 5, what is 211 - 2?
204
In base 3, what is 210 + -22?
111
In base 12, what is 7 + 283?
28a
In base 10, what is 88 + 126?
214
In base 16, what is -133b - 4?
-133f
In base 4, what is -3 + 23?
20
In base 2, what is -10010011000 - 101?
-10010011101
In base 6, what is -3 - 115?
-122
In base 13, what is 1 - -33?
34
In base 9, what is -567 - -5?
-562
In base 8, what is -170 + 71?
-77
In base 16, what is -2 + 68?
66
In base 3, what is -1021 + 1100?
2
In base 7, what is 4316 - -5?
4324
In base 4, what is 3 + 1032021?
1032030
In base 14, what is 4 + 248?
24c
In base 2, what is 1 - -1000110?
1000111
In base 9, what is 106 - 3?
103
In base 6, what is 134 - 32?
102
In base 3, what is -210 - 1120?
-2100
In base 10, what is 8 + -277?
-269
In base 8, what is -2652 - -1?
-2651
In base 3, what is -11 - -212110?
212022
In base 15, what is -3 - 34?
-37
In base 10, what is -33 + -62?
-95
In base 6, what is -1 + 14?
13
In base 11, what is 3 + -4a28?
-4a25
In base 2, what is 100000 + -11010110?
-10110110
In base 8, what is 1 - 110?
-107
In base 2, what is 111101001110001 + -11?
111101001101110
In base 14, what is 1 - 165?
-164
In base 4, what is 11 + -232?
-221
In base 6, what is 5 - 5?
0
In base 13, what is c5 - -7?
cc
In base 11, what is -18 - -1?
-17
In base 15, what is -45 - -41?
-4
In base 2, what is 100 - 101111110011?
-101111101111
In base 4, what is -102133 + 11?
-102122
In base 5, what is -10 - 101?
-111
In base 5, what is -4 - -1040?
1031
In base 5, what is -11 + 1224?
1213
In base 12, what is -380 - b?
-38b
In base 8, what is -240 - -2?
-236
In base 9, what is -15 + 8?
-6
In base 7, what is -3 - 3142?
-3145
In base 2, what is -111011100000 + 11?
-111011011101
In base 2, what is 1001100 - 11011?
110001
In base 3, what is 11 - -2201202?
2201220
In base 13, what is -1075b - -4?
-10757
In base 2, what is 101110 + -100111?
111
In base 15, what is d - e6?
-d8
In base 16, what is -1735 + -1?
-1736
In base 4, what is 31 + 33?
130
In base 13, what is c1c4 - 0?
c1c4
In base 3, what is -10211 - 10?
-10221
In base 2, what is -100011011000 - -11?
-100011010101
In base 16, what is -16 - 43?
-59
In base 11, what is -9 + -a6?
-104
In base 3, what is 200 + 2?
202
In base 9, what is -8874 - 5?
-8880
In base 6, what is 15 + 22?
41
In base 5, what is -234120 + 2?
-234113
In base 16, what is -1 + 203?
202
In base 7, what is 220 - -34?
254
In base 8, what is -153 - 2?
-155
In base 2, what is -10001 - -100001?
10000
In base 6, what is 4 - -12?
20
In base 16, what is -30 - -35?
5
In base 12, what is 85 - 0?
85
In base 5, what is 22 - -34?
111
In base 4, what is 0 - -302?
302
In base 12, what is 27 + a?
35
In base 14, what is 7ba6 - -2?
7ba8
In base 9, what is 118 + -2?
116
In base 15, what is -397 - 1?
-398
In base 7, what is -2 - -26?
24
In base 15, what is 4 - 10b?
-107
In base 9, what is -2 - -33?
31
In base 12, what is 7 + 7?
12
In base 2, what is -101 - 10111110110?
-10111111011
In base 6, what is -15 + -45?
-104
In base 10, what is 42 - -389?
431
In base 5, what is 12031 - -10?
12041
In base 12, what is 10b + -5?
106
In base 6, what is 1 - 4025?
-4024
In base 7, what is 336 + 5?
344
In base 3, what is -10 - -21101?
21021
In base 12, what is 4 - -96?
9a
In base 14, what is 5 + -161?
-15a
In base 4, what is -220 - 22?
-302
In base 6, what is -4 + 2004?
2000
In base 7, what is 35 + -2?
33
In base 9, what is 3 + 1?
4
In base 4, what is -1 + -3103?
-3110
In base 14, what is -16 - -88?
72
In base 15, what is 3 - b6?
-b3
In base 4, what is 20 - 113?
-33
In base 2, what is 1 - 10011?
-10010
In base 13, what is -3c - -5?
-37
In base 5, what is -4 - -11433?
11424
In base 9, what is -40 + -4?
-44
In base 11, what is 4 - 467?
-463
In base 13, what is 1b - 8?
13
In base 6, what is 12 - -100?
112
In base 8, what is -3 - 10?
-13
In base 6, what is -40 + -30?
-110
In base 3, what is 1200222 - 2?
1200220
In base 10, what is 0 - -1045?
1045
In base 9, what is -72 - 20?
-102
In base 13, what is -109 - -8?
-101
In base 3, what is -20101 + -210?
-21011
In base 10, what is -4 + 1502?
1498
In base 2, what is 1000 - 0?
1000
In base 8, what is 1 - -3347?
3350
In base 14, what is -65 + -8?
-6d
In base 16, what is 2 - -ad?
af
In base 14, what is -5 + 3?
-2
In base 3, what is -1101011 - -200?
-1100111
In base 12, what is -448b - -3?
-4488
In base 14, what is -3 + 52?
4d
In base 13, what is 161 - -1?
162
In base 11, what is -3 - 2?
-5
In base 6, what is 21 + -4?
13
In base 11, what is 0 + -166?
-166
In base 16, what is -3c6 - -3?
-3c3
In base 7, what is 35 